12*k**4 + 0 - 33*k. Determine z(4).
1
Let g(k) = 4*k**3 - 6*k**2 - 3*k. Suppose 10*p + 123 = -2*p + 99. Give g(p).
-50
Let y = 23 + -10. Let f be (-250)/(-7) - (-4)/14. Let w be f/234 + (-54)/y. Let l(b) = -b**3 - 5*b**2 - 4*b. What is l(w)?
0
Let q(k) = -k**2 + k + 1. Let a(f) = 9*f**2 - 39*f + 65. Let t(v) = -5*v**2 + 20*v - 33. Let r(b) = -4*a(b) - 7*t(b). Let y be r(14). Calculate q(y).
-1
Suppose -2*y + 7*g + 4 = 8*g, 3*y + g = 6. Let m(x) = 7*x**2 - 38 - 12*x**y + 40 + x**3 - 2*x. Suppose 0 = -0*i + 4*i + 5*k - 25, -2*i + 9 = -k. Determine m(i).
-8
Let y(x) be the second derivative of x**5/60 + 3*x**4/8 - 4*x**3/3 + 2*x**2 - 22*x + 2. Let t(o) be the first derivative of y(o). What is t(-10)?
2
Let o(l) be the second derivative of l**7/2520 + l**6/720 - 11*l**5/120 + 7*l**4/12 + 2*l**2 + 92*l. Let m(s) be the third derivative of o(s). Determine m(-3).
-5
Let z(i) = -7*i**3 - 17*i**2 + 45*i - 89. Let t(b) = 11*b**3 + 26*b**2 - 67*b + 140. Let x(j) = -5*t(j) - 8*z(j). Give x(-9).
-6
Suppose 0 = 3*u - 5*g - 72, -2836*u = -2838*u + 2*g + 48. Let v(s) = 2*s**2 - 51*s + 69. What is v(u)?
-3
Let i = 54 + -49. Suppose i*f = 3*v - 1 + 3, 2*v = 2*f - 4. Let c(s) = -s**3 - 3*s**2 + 4*s + 1. Let t be c(v). Let z(w) = 7*w. Calculate z(t).
7
Let u(i) be the third derivative of -i**6/120 - i**5/60 - i**4/24 - 2*i**3/3 + 9*i**2 + 9*i. What is u(-2)?
2
Let b(h) = -7*h - 2. Let m(j) = j**2 - 8*j + 8. Let y be m(8). Suppose 0 = 5*v - 5*t - 35, -2*v + y*t = 10*t + 6. What is b(v)?
-16
Let h(a) be the third derivative of -a**7/2520 - a**5/120 - a**4/12 - 7*a**3/2 + 125*a**2. Let n(j) be the second derivative of h(j). Calculate n(0).
-1
Suppose 6*n + 25 - 55 = 0. Let j(q) = 8*q - n*q + 26 - 4*q - 13. Give j(12).
1
Let z(q) = -11*q - 3888*q**2 - 8 + 5 + 3892*q**2. Give z(3).
0
Let z be -2 - 11/(33/(-18)). Suppose -n + z = -0*n. Let s(v) be the second derivative of v**5/20 - 5*v**4/12 + v**3/3 + 5*v**2/2 - 29*v. Determine s(n).
-3
Let a(b) = 4*b**3 - 46*b**2 - 15 - 77*b**2 - 29*b + 129*b**2 - 3*b**3. What is a(-9)?
3
Let k = 204 - 200. Suppose p = -0*g + 2*g + k, 3*g = 0. Let c(u) = -3*u - 1. Determine c(p).
-13
Let d(a) = -a**3 - a**2 - 5. Let s be (0 + 2/1)*18/(-4). Let h(c) = -c**3 - 8*c**2 + 9*c + 3. Let f be h(s). Let g be 0*(6/(-2) + (7 - f)). Determine d(g).
-5
Suppose 329 = -83*j + 69 - 155. Let i(s) = -s**3 - 5*s**2 + 3*s + 13. Calculate i(j).
-2
Let o(t) = -12*t - 30 + 30*t + 7 - 17*t + 12. Suppose 5*m - 54 = -14. What is o(m)?
-3
Let t(g) = g**3 - 5*g**2 - 24*g + 16. Let y be t(9). Let s = 126 - y. Let q(r) = -11*r**2 + 9*r - 3 + 9*r**2 + 2 + r**s. What is q(8)?
7
Suppose 0 = 1030*k - 1027*k - 57. Let j(d) = d + 8 + 16 - k. Give j(-7).
-2
Let i(d) = -2 + 2 + 3*d - 2. Let v be 3*((-96)/(-9) + -2). Suppose 8*t - 9*t - 4*u = v, 0 = -4*t + 3*u - 9. Determine i(t).
-20
Let d(r) = -7*r - 48. Let k(o) = 13*o + 92. Let c(y) = -11*d(y) - 6*k(y). Let h be c(-25). Let g(m) = 10*m**2 - m. Give g(h).
9
Let x be (-2)/(-4)*(-68)/(-17). Suppose 51 = u + x*u. Let a(j) = j + j**2 + 6*j - 2*j + u - 11. Determine a(-5).
6
Let q(l) = l**3 - l**2 - 4*l - 1. Let t(j) = 4*j**3 + 15*j**2 - 24. Let a(s) = -3*q(s) + t(s). Determine a(-17).
64
Let m be (-4)/18*(1016 + -1025). Let h(g) = 8*g**3 - 8*g**2 + 5*g + 5. Let n(x) = 17*x**3 - 17*x**2 + 11*x + 11. Let k(d) = 13*h(d) - 6*n(d). Determine k(m).
5
Let s be (-1440)/42 + 1 - 4/(-14). Let f = s + 35. Let t(u) = -3*u - 3. Let v(w) = -1. Let c(z) = f*t(z) - 6*v(z). What is c(2)?
-12
Let i(a) = a**3 - 28*a**2 + 52*a - 8. Let d(v) = -27*v**3 + 3*v**2 - 7*v - 11. Let k be d(-1). What is i(k)?
-8
Let b(n) = -6 + 4*n - 48061*n**2 + n**3 - 5*n + 48039*n**2 + 32. Determine b(22).
4
Let q(u) = -1 + 0 - 4*u**2 + 6*u + 2 - 7*u + u**3. Suppose -4*l + 4 = -3*l. Let c be l - (6/(-3) + 3). Give q(c).
-11
Suppose t - 5*z + 49 = 0, t + 5*z + 8 - 19 = 0. Let s(u) = u**3 + 21*u**2 + 35*u - 57. Give s(t).
0
Let o(b) be the first derivative of -3*b**2/2 + 6*b + 327. Give o(-5).
21
Let n(p) = -p + 62. Let o = -21153 + 21171. What is n(o)?
44
Let t(r) = 2*r**3 - r**2. Let q(x) be the third derivative of 7*x**4/24 - 5*x**3/6 - 16*x**2. Let w be q(3). Suppose 0 = -7*s + w*s + 9. Calculate t(s).
-3
Let v(s) = -s**2 + s - 1. Let d = 31 + -47. Let b be (-24)/(-72) + d/(-6). Suppose -8*q = -5*q - b. Calculate v(q).
-1
Let z(p) be the first derivative of -5*p**2/2 - 12*p - 197. Give z(-9).
33
Suppose -6*s + 5 - 41 = 0. Let l(i) = 25*i + 6. Let p(f) = -46*f - 12. Let c(v) = s*p(v) - 11*l(v). Suppose 12 = 3*t - 7*t. Calculate c(t).
3
Let l(x) = -x**3 + 14*x**2 - 14*x - 11. Let t be l(13). Let n = t - -22. Let h(d) be the first derivative of d**3 + 2*d**2 + 2*d - 560. What is h(n)?
6
Let o(g) be the third derivative of -g**4/4 - 2*g**3 - 388*g**2 + 2. Give o(9).
-66
Let w(s) be the first derivative of -s + 3/4*s**4 - 54 + 3/2*s**2 + 0*s**3. Calculate w(2).
29
Let g(x) be the second derivative of -5*x**4/12 + x**3/6 - x**2/2 - 16*x. Suppose 3*b - 24 = -3*s, -2584 + 2572 = 2*s - 2*b. What is g(s)?
-5
Suppose -20*x = -32*x + 18*x + 6. Let a(l) = -70*l**3 - 2*l**2 + 2. Calculate a(x).
70
Let l be -7 + 0 + (-1 - 1). Suppose -2*f = 5*n + 7, -23*f + 3*n - 63 = -20*f. Let v = f - l. Let p(r) = -r + 2. Give p(v).
9
Suppose h = -1 + 10. Let y(x) = -6*x + h*x**2 + 1 + 5*x + x**2. Let r be (-2)/((-11)/((-55)/(-15)) - -1). Calculate y(r).
10
Let b(h) = h**2 - 14*h - 102. Let i be b(19). Let z(v) = 2*v + 0*v - 4 + 3. What is z(i)?
-15
Let t(f) = f**2 - 10*f - 142. Let g be t(18). Let r(u) = 2*u**2 - 4*u + 5*u - 3 + u**3 + 6*u**g - 2*u**3 + 3*u. What is r(9)?
-48
Let b(c) = -12*c**3 + c**2 + c - 1. Let f be b(-1). Suppose -2 = 10*r - f*r. Let m(y) = 2*y - 5*y**r - 27*y**3 + 9*y**3 + 3*y**2 - y. What is m(1)?
-19
Let z = -67 + 59. Let x be (-6)/(-4) + z*(-2)/32. Suppose 7*l - x*l = l. Let c(t) = t**3 - t**2 - t - 5. Calculate c(l).
-5
Suppose 0 = 5*y - 3*k - 103 + 90, -5 = -y + k. Let u(j) = 85*j**2 - j - 1. Give u(y).
85
Suppose -29*h + 17871 = -6*h. Let u(j) = 777*j - h*j + j**2. Calculate u(0).
0
Suppose 2*y = -2*y - 5*c + 15, -4*c - 19 = -3*y. Suppose 3*d - d = o - 1, -2*o + y*d - 2 = 0. Let q(i) = 2*i - i**2 - 3 - 3 + 6*i + 9. Determine q(o).
-6
Let y(f) be the third derivative of f**6/120 - 2*f**5/15 + 7*f**4/24 + 7*f**3/6 + 32*f**2 + 26*f. Let i(s) = -8*s**3 + 2*s + 1. Let h be i(-1). Determine y(h).
7
Let a(w) = -118*w**2 + 1727 - 3444 - 27*w**2 + 1720 - 3*w - 52*w**2. Determine a(1).
-197
Let h(l) = -12*l - 22. Let p(s) = 5*s + 11. Let w(o) = 4*h(o) + 10*p(o). Calculate w(-12).
-2
Let b(s) = -46*s + 139. Let t(u) = -25*u + 84. Let x(v) = -4*b(v) + 7*t(v). Calculate x(-7).
-31
Let q(k) be the first derivative of -1/2*k**2 + 64 + k. Calculate q(7).
-6
Let w(m) = -m**3 + 20*m**2 - 21*m + 43. Let x = 4631 - 4612. Give w(x).
5
Let o be (8/(-6))/((-2)/3). Let m(g) = -g**3 - 15*g**2 + 34*g + 4. Let p be m(-17). Let q(j) = -14 - 5 + 28 + p*j - 12. Determine q(o).
5
Let d(x) = 30*x - 361. Let g(v) = 59*v - 667. Let u(y) = -11*d(y) + 6*g(y). Give u(5).
89
Let q(u) = 2*u**3 - 7*u**2 - u + 32. Let i(l) = -7*l**3 + 22*l**2 + 3*l - 101. Let g(x) = -4*i(x) - 13*q(x). Calculate g(2).
18
Let v(l) = -3*l**3 - 196*l**2 + 546*l + 136. Let m be v(-68). Let y(d) = d**3 - 23*d - 2. Determine y(m).
-2
Let r(z) = 5*z**3 - z**2 + 2*z + 3. Let p be 9 - ((15 - 17) + 13). Determine r(p).
-45
Let m(a) = a**3 - 12*a**2 + 9*a + 5. Suppose -18*r + 81 = -9. Suppose r*v = -2*l + 32, 7*l - v - 20 = 5*l. What is m(l)?
-17
Suppose 3*l - 163 = 335. Suppose 47 + l = 3*s. Let r = s + -74. Let t(m) = m**3 + 2*m**2 - 3*m - 3. Calculate t(r).
-3
Let c(w) = -61*w + 101*w - 2203 + 2334 - 52*w. Calculate c(11).
-1
Let c(v) = -12*v**2 + 3*v - 2. Let l(f) = 5*f - 86. Let b be l(11). Let r be ((-2)/(-1))/((-62)/b). Give c(r).
-11
Let q(d) = -d**2 + 2*d - 3. Let p be 1 + 2 + 5/(-5)*-2. Suppose 2*h + 0*h - 4*l = 6, -4*h + 12 = p*l. Give q(h).
-6
Let t(x) = 0*x + 5*x**3 - x + 1 - 18*x**2 + 19*x**2 - 4*x**3. Let c be 2 + (-8)/(4 - 0). Suppose 6*i - i + 10 = c, 3*k + 2*i + 4 = 0. What is t(k)?
1
Let w(r) = -23*r - 3750. Let b be w(-163). Let a(q) = 4*q - 1. What is a(b)?
-5
Let s(j) = -j**2 - j + 203. Let i be s(-15). Let b = 4 - -1. Let c(o) = -b*o - 2 + 0 + 6*o. Calculate c(i).
-9
Let p(y) = 2*y**2 + 19*y. Let w = 1